{"id":49821,"date":"2023-10-16T14:55:35","date_gmt":"2023-10-16T12:55:35","guid":{"rendered":"https:\/\/baturina-homewear.com\/product\/herren-hausjacke-schwarzer-samt-mit-kordelpaspel\/"},"modified":"2026-03-24T14:01:51","modified_gmt":"2026-03-24T13:01:51","slug":"herren-hausjacke-schwarz-samt-kordelpaspel","status":"publish","type":"product","link":"https:\/\/baturina-homewear.com\/de\/produkt\/herren-hausjacke-schwarz-samt-kordelpaspel\/","title":{"rendered":"Herren Hausjacke Schwarzer Samt Kordelpaspel"},"content":{"rendered":"<p>Ein Morgenmantel mit Schalkragen aus reiner Baumwolle, der die Abendstunden und den Start in den Tag mit privaten Momenten der Entspannung bereichert. F\u00fcr diesen Morgenmantel verwenden wir hochwertigen Baumwollsamt (ca. 2,5kg \/ 3 lbs). Dieser luxuri\u00f6se Morgenmantel aus Samt ist angenehm schwer und weich. Die Jacke ist in einem tiefen Schwarzton gehalten. Der Morgenmantel hat einen klassischen Schnitt und ist in vielen verschiedenen L\u00e4ngen erh\u00e4ltlich, von der Mitte des Oberschenkels bis zum Kn\u00f6chel. Das Futter ist aus schwarzem, gl\u00e4nzendem Satin, der Schalkragen und die Taschen sind angenehm weich. Gestreifte goldene Kordelpaspeln am Schalkragen, an den \u00c4rmeln und den Taschen verleihen ihm eine edle Note. Es wird l\u00e4ssig mit dem G\u00fcrtel geschlossen. Alle unsere Designs werden individuell auf Bestellung in unserem Atelier angefertigt und jedes ist das Ergebnis stundenlanger handwerklicher Arbeit. Genie\u00dfen Sie Komfort und Stil in unseren Herren Morgenm\u00e4nteln, Pyjama Sets und Accessoires, hergestellt in Hamburg, Deutschland. <\/p>\n<ul>\n<li>Schalkragen<\/li>\n<li>Brusttasche<\/li>\n<li>zwei tiefe Seitentaschen<\/li>\n<li>verstellbare Umschlagmanschetten<\/li>\n<li>bequeme, lockere Passform<\/li>\n<li>diskrete Aufh\u00e4ngeschlaufe auf der R\u00fcckseite<\/li>\n<li>langer G\u00fcrtel<\/li>\n<li>schwer und warm (eine Gr\u00f6\u00dfe M wiegt ca. 2,5 kg \/ 3 lbs)<\/li>\n<\/ul>\n<p>Material und Pflege: Au\u00dfenseite: 100% Baumwolle. Innen: 60% Polyester, 40% Viskose.  Professionelle Reinigung.<\/p>\n","protected":false},"excerpt":{"rendered":"<p>Ein Morgenmantel mit Schalkragen aus reiner Baumwolle, der die Abendstunden und den Start in den Tag mit privaten Momenten der<\/p>\n","protected":false},"featured_media":49770,"comment_status":"open","ping_status":"closed","template":"","meta":[],"product_brand":[],"product_cat":[496,491,1210,980,994],"product_tag":[464,768],"class_list":{"0":"post-49821","1":"product","2":"type-product","3":"status-publish","4":"has-post-thumbnail","6":"product_cat-herren-hausjacken","7":"product_cat-morgenmaentel","8":"product_cat-herrenzimmer","9":"product_cat-samt-bademantel","10":"product_cat-warme-mantel","11":"product_tag-custom-size-de","12":"product_tag-monogram-de","13":"product_shipping_class-auf-bestellung","14":"pa_color-black-de","15":"pa_color-swatch-schwarz","16":"pa_fabric-content-cotton-de","17":"pa_fabric-weave-type-samt","18":"pa_fabric-weight-schwer-und-warm","19":"pa_pattern-einfarbig","20":"pa_size-2xl-de","21":"pa_size-3xl-de","22":"pa_size-4xl-de","23":"pa_size-5xl-de","24":"pa_size-l-de","25":"pa_size-m-de","26":"pa_size-massanfertigung","27":"pa_size-s-de","28":"pa_size-xl-de","29":"pa_size-xs-de","31":"first","32":"instock","33":"taxable","34":"shipping-taxable","35":"purchasable","36":"product-type-simple"},"_links":{"self":[{"href":"https:\/\/baturina-homewear.com\/de\/wp-json\/wp\/v2\/product\/49821","targetHints":{"allow":["GET"]}}],"collection":[{"href":"https:\/\/baturina-homewear.com\/de\/wp-json\/wp\/v2\/product"}],"about":[{"href":"https:\/\/baturina-homewear.com\/de\/wp-json\/wp\/v2\/types\/product"}],"replies":[{"embeddable":true,"href":"https:\/\/baturina-homewear.com\/de\/wp-json\/wp\/v2\/comments?post=49821"}],"version-history":[{"count":9,"href":"https:\/\/baturina-homewear.com\/de\/wp-json\/wp\/v2\/product\/49821\/revisions"}],"predecessor-version":[{"id":76129,"href":"https:\/\/baturina-homewear.com\/de\/wp-json\/wp\/v2\/product\/49821\/revisions\/76129"}],"wp:featuredmedia":[{"embeddable":true,"href":"https:\/\/baturina-homewear.com\/de\/wp-json\/wp\/v2\/media\/49770"}],"wp:attachment":[{"href":"https:\/\/baturina-homewear.com\/de\/wp-json\/wp\/v2\/media?parent=49821"}],"wp:term":[{"taxonomy":"product_brand","embeddable":true,"href":"https:\/\/baturina-homewear.com\/de\/wp-json\/wp\/v2\/product_brand?post=49821"},{"taxonomy":"product_cat","embeddable":true,"href":"https:\/\/baturina-homewear.com\/de\/wp-json\/wp\/v2\/product_cat?post=49821"},{"taxonomy":"product_tag","embeddable":true,"href":"https:\/\/baturina-homewear.com\/de\/wp-json\/wp\/v2\/product_tag?post=49821"}],"curies":[{"name":"wp","href":"https:\/\/api.w.org\/{rel}","templated":true}]}}

<p>Ein Morgenmantel mit Schalkragen aus reiner Baumwolle, der die Abendstunden und den Start in den Tag mit privaten Momenten der Entspannung bereichert. Für diesen Morgenmantel verwenden wir hochwertigen Baumwollsamt (ca. 2,5kg / 3 lbs). Dieser luxuriöse Morgenmantel aus Samt ist angenehm schwer und weich. Die Jacke ist in einem tiefen Schwarzton gehalten. Der Morgenmantel hat einen klassischen Schnitt und ist in vielen verschiedenen Längen erhältlich, von der Mitte des Oberschenkels bis zum Knöchel. Das Futter ist aus schwarzem, glänzendem Satin, der Schalkragen und die Taschen sind angenehm weich. Gestreifte goldene Kordelpaspeln am Schalkragen, an den Ärmeln und den Taschen verleihen ihm eine edle Note. Es wird lässig mit dem Gürtel geschlossen. Alle unsere Designs werden individuell auf Bestellung in unserem Atelier angefertigt und jedes ist das Ergebnis stundenlanger handwerklicher Arbeit. Genießen Sie Komfort und Stil in unseren Herren Morgenmänteln, Pyjama Sets und Accessoires, hergestellt in Hamburg, Deutschland. </p>
<ul>
<li>Schalkragen</li>
<li>Brusttasche</li>
<li>zwei tiefe Seitentaschen</li>
<li>verstellbare Umschlagmanschetten</li>
<li>bequeme, lockere Passform</li>
<li>diskrete Aufhängeschlaufe auf der Rückseite</li>
<li>langer Gürtel</li>
<li>schwer und warm (eine Größe M wiegt ca. 2,5 kg / 3 lbs)</li>
</ul>
<p>Material und Pflege: Außenseite: 100% Baumwolle. Innen: 60% Polyester, 40% Viskose.  Professionelle Reinigung.</p>
