{"id":49863,"date":"2023-10-17T14:07:15","date_gmt":"2023-10-17T12:07:15","guid":{"rendered":"https:\/\/baturina-homewear.com\/product\/herren-hausmantel-blau-gold-barock-samt\/"},"modified":"2024-11-25T11:26:49","modified_gmt":"2024-11-25T10:26:49","slug":"herren-hausmantel-blau-gold-barock-samt","status":"publish","type":"product","link":"https:\/\/baturina-homewear.com\/de\/produkt\/herren-hausmantel-blau-gold-barock-samt\/","title":{"rendered":"Herren Hausmantel Blau Gold Barock Samt"},"content":{"rendered":"<p>Zelebrieren Sie Ihre Momente der Entspannung in diesem barock inspirierten Morgenmantel, der nur in begrenzter St\u00fcckzahl erh\u00e4ltlich ist. Dieser elegante Morgenmantel mit Schalkragen bereichert die Abendstunden und den Start in den Tag. F\u00fcr diesen Morgenmantel verwenden wir hochwertige Jacquard-Baumwolle mit einem atemberaubenden Arabesken-Bl\u00e4tterdruck im Barockstil in Gold auf dunkelblauem Grund. Die Baumwolle ist angenehm gewebt und w\u00e4rmt angenehm. Es zeichnet sich durch eine luxuri\u00f6se Farbpalette aus Gold und Dunkelblau aus. Der Morgenmantel ist klassisch geschnitten und hat einen Schalkragen aus weichem, reinem Baumwollsamt, Manschetten und Taschendetails. Es ist vollst\u00e4ndig mit dunkelblauem Satin gef\u00fcttert. Dezente Paspelierungen an Kragen, \u00c4rmeln und Taschen verleihen ihm eine edle Note. Es wird l\u00e4ssig mit dem G\u00fcrtel geschlossen.<\/p>\n<ul>\n<li>Schalkragen<\/li>\n<li>Brusttasche<\/li>\n<li>zwei tiefe Seitentaschen<\/li>\n<li>verstellbare Umschlagmanschetten<\/li>\n<li>bequeme, lockere Passform<\/li>\n<li>diskrete Aufh\u00e4ngeschlaufe auf der R\u00fcckseite<\/li>\n<li>lange G\u00fcrtel<\/li>\n<li>Gewicht eines Morgenmantels der Gr\u00f6\u00dfe M: 1,5 kg (3 lbs)<\/li>\n<li>L\u00e4nge des Morgenmantels 125 cm (49 inch)<\/li>\n<\/ul>\n<p>Material und Pflege: \u00c4u\u00dferes: 60% Baumwolle, 40% Polyester. Innen: 60%Polyester, 40% Viskose. Maschinenw\u00e4sche bei 30\u00b0C, nicht im Trockner trocknen, bei niedriger Hitze b\u00fcgeln.<\/p>\n","protected":false},"excerpt":{"rendered":"<p>Zelebrieren Sie Ihre Momente der Entspannung in diesem barock inspirierten Morgenmantel, der nur in begrenzter St\u00fcckzahl erh\u00e4ltlich ist. Dieser elegante<\/p>\n","protected":false},"featured_media":49846,"comment_status":"open","ping_status":"closed","template":"","meta":[],"product_brand":[],"product_cat":[463],"product_tag":[],"class_list":{"0":"post-49863","1":"product","2":"type-product","3":"status-publish","4":"has-post-thumbnail","6":"product_cat-herren-hausmantel","7":"pa_color-blau","8":"pa_color-gold-de","9":"pa_color-swatch-blau","10":"pa_fabric-content-cotton-de","11":"pa_fabric-content-polyester-viscose-mix-de","12":"pa_fabric-weave-type-jacquard-de","13":"pa_fabric-weave-type-samt","14":"pa_fabric-weight-regular-de","15":"pa_pattern-blumen","16":"pa_size-m-de","17":"pa_size-s-de","19":"first","20":"outofstock","21":"taxable","22":"shipping-taxable","23":"purchasable","24":"product-type-variable"},"_links":{"self":[{"href":"https:\/\/baturina-homewear.com\/de\/wp-json\/wp\/v2\/product\/49863","targetHints":{"allow":["GET"]}}],"collection":[{"href":"https:\/\/baturina-homewear.com\/de\/wp-json\/wp\/v2\/product"}],"about":[{"href":"https:\/\/baturina-homewear.com\/de\/wp-json\/wp\/v2\/types\/product"}],"replies":[{"embeddable":true,"href":"https:\/\/baturina-homewear.com\/de\/wp-json\/wp\/v2\/comments?post=49863"}],"version-history":[{"count":2,"href":"https:\/\/baturina-homewear.com\/de\/wp-json\/wp\/v2\/product\/49863\/revisions"}],"predecessor-version":[{"id":55649,"href":"https:\/\/baturina-homewear.com\/de\/wp-json\/wp\/v2\/product\/49863\/revisions\/55649"}],"wp:featuredmedia":[{"embeddable":true,"href":"https:\/\/baturina-homewear.com\/de\/wp-json\/wp\/v2\/media\/49846"}],"wp:attachment":[{"href":"https:\/\/baturina-homewear.com\/de\/wp-json\/wp\/v2\/media?parent=49863"}],"wp:term":[{"taxonomy":"product_brand","embeddable":true,"href":"https:\/\/baturina-homewear.com\/de\/wp-json\/wp\/v2\/product_brand?post=49863"},{"taxonomy":"product_cat","embeddable":true,"href":"https:\/\/baturina-homewear.com\/de\/wp-json\/wp\/v2\/product_cat?post=49863"},{"taxonomy":"product_tag","embeddable":true,"href":"https:\/\/baturina-homewear.com\/de\/wp-json\/wp\/v2\/product_tag?post=49863"}],"curies":[{"name":"wp","href":"https:\/\/api.w.org\/{rel}","templated":true}]}}

<p>Zelebrieren Sie Ihre Momente der Entspannung in diesem barock inspirierten Morgenmantel, der nur in begrenzter Stückzahl erhältlich ist. Dieser elegante Morgenmantel mit Schalkragen bereichert die Abendstunden und den Start in den Tag. Für diesen Morgenmantel verwenden wir hochwertige Jacquard-Baumwolle mit einem atemberaubenden Arabesken-Blätterdruck im Barockstil in Gold auf dunkelblauem Grund. Die Baumwolle ist angenehm gewebt und wärmt angenehm. Es zeichnet sich durch eine luxuriöse Farbpalette aus Gold und Dunkelblau aus. Der Morgenmantel ist klassisch geschnitten und hat einen Schalkragen aus weichem, reinem Baumwollsamt, Manschetten und Taschendetails. Es ist vollständig mit dunkelblauem Satin gefüttert. Dezente Paspelierungen an Kragen, Ärmeln und Taschen verleihen ihm eine edle Note. Es wird lässig mit dem Gürtel geschlossen.</p>
<ul>
<li>Schalkragen</li>
<li>Brusttasche</li>
<li>zwei tiefe Seitentaschen</li>
<li>verstellbare Umschlagmanschetten</li>
<li>bequeme, lockere Passform</li>
<li>diskrete Aufhängeschlaufe auf der Rückseite</li>
<li>lange Gürtel</li>
<li>Gewicht eines Morgenmantels der Größe M: 1,5 kg (3 lbs)</li>
<li>Länge des Morgenmantels 125 cm (49 inch)</li>
</ul>
<p>Material und Pflege: Äußeres: 60% Baumwolle, 40% Polyester. Innen: 60%Polyester, 40% Viskose. Maschinenwäsche bei 30°C, nicht im Trockner trocknen, bei niedriger Hitze bügeln.</p>

<p>Zelebrieren Sie Ihre Momente der Entspannung in diesem barock inspirierten Morgenmantel, der nur in begrenzter Stückzahl erhältlich ist. Dieser elegante</p>
