{"id":81023,"date":"2026-04-27T18:30:59","date_gmt":"2026-04-27T16:30:59","guid":{"rendered":"https:\/\/baturina-homewear.com\/product\/herren-hausmantel-schwarz-satin-weiss-paspeliert\/"},"modified":"2026-04-27T18:30:59","modified_gmt":"2026-04-27T16:30:59","slug":"herren-hausmantel-schwarz-satin-weiss-paspeliert","status":"publish","type":"product","link":"https:\/\/baturina-homewear.com\/de\/produkt\/herren-hausmantel-schwarz-satin-weiss-paspeliert\/","title":{"rendered":"Herren Hausmantel Schwarz Satin Wei\u00df Paspeliert"},"content":{"rendered":"<p>Eleganter gef\u00fctterter Morgenmantel mit Schalkragen aus schwarzem, gl\u00e4nzendem Baumwollsatin, perfekt zum Entspannen zu Hause. Das Farbschema besteht aus einem klassischen Schwarz-Wei\u00df-Kontrast. Das Design ist mit einem Besatz aus gleichem Stoff und einem k\u00fchlenden, silbernen Satinfutter ausgestattet. Wenn Sie einen leichten Morgenmantel suchen, ist dieser Morgenmantel die richtige Wahl f\u00fcr das ganze Jahr \u00fcber Komfort und Stil. <\/p>\n<ul>\n<li>Schalkragen<\/li>\n<li>Brusttasche<\/li>\n<li>zwei tiefe Seitentaschen<\/li>\n<li>verstellbare Umschlagmanschetten<\/li>\n<li>bequeme, lockere Passform<\/li>\n<li>diskrete Aufh\u00e4ngeschlaufe auf der R\u00fcckseite<\/li>\n<li>langer G\u00fcrtel<\/li>\n<li>Materialien und Pflege: Au\u00dfen: 100% Baumwolle, Innen: 60% Polyester, 40% Viskose. Separat waschen, 30\u00b0 C, nicht im Trockner trocknen, bei niedriger Hitze b\u00fcgeln.<\/li>\n<\/ul>\n<p>Alle unsere Designs werden individuell auf Bestellung in unserem Atelier angefertigt und jedes ist das Ergebnis stundenlanger handwerklicher Arbeit. Genie\u00dfen Sie Komfort und Stil in unseren Morgenm\u00e4nteln, Pyjamasets und Accessoires, hergestellt in Hamburg, Deutschland.<\/p>\n","protected":false},"excerpt":{"rendered":"<p>Eleganter gef\u00fctterter Morgenmantel mit Schalkragen aus schwarzem, gl\u00e4nzendem Baumwollsatin, perfekt zum Entspannen zu Hause. Das Farbschema besteht aus einem klassischen<\/p>\n","protected":false},"featured_media":41942,"comment_status":"open","ping_status":"closed","template":"","meta":[],"product_brand":[],"product_cat":[491,463],"product_tag":[464,768],"class_list":{"0":"post-81023","1":"product","2":"type-product","3":"status-publish","4":"has-post-thumbnail","6":"product_cat-morgenmaentel","7":"product_cat-herren-hausmantel","8":"product_tag-custom-size-de","9":"product_tag-monogram-de","10":"product_shipping_class-auf-bestellung","11":"pa_color-black-de","12":"pa_fabric-content-cotton-de","13":"pa_fabric-content-polyester-viscose-mix-de","14":"pa_size-2xl-de","15":"pa_size-3xl-de","16":"pa_size-4xl-de","17":"pa_size-5xl-de","18":"pa_size-9-10-jahre","19":"pa_size-l-de","20":"pa_size-m-de","21":"pa_size-massanfertigung","22":"pa_size-one-size-de","23":"pa_size-s-de","24":"pa_size-xl-de","25":"pa_size-xs-de","27":"first","28":"instock","29":"taxable","30":"shipping-taxable","31":"purchasable","32":"product-type-simple"},"_links":{"self":[{"href":"https:\/\/baturina-homewear.com\/de\/wp-json\/wp\/v2\/product\/81023","targetHints":{"allow":["GET"]}}],"collection":[{"href":"https:\/\/baturina-homewear.com\/de\/wp-json\/wp\/v2\/product"}],"about":[{"href":"https:\/\/baturina-homewear.com\/de\/wp-json\/wp\/v2\/types\/product"}],"replies":[{"embeddable":true,"href":"https:\/\/baturina-homewear.com\/de\/wp-json\/wp\/v2\/comments?post=81023"}],"version-history":[{"count":0,"href":"https:\/\/baturina-homewear.com\/de\/wp-json\/wp\/v2\/product\/81023\/revisions"}],"wp:featuredmedia":[{"embeddable":true,"href":"https:\/\/baturina-homewear.com\/de\/wp-json\/wp\/v2\/media\/41942"}],"wp:attachment":[{"href":"https:\/\/baturina-homewear.com\/de\/wp-json\/wp\/v2\/media?parent=81023"}],"wp:term":[{"taxonomy":"product_brand","embeddable":true,"href":"https:\/\/baturina-homewear.com\/de\/wp-json\/wp\/v2\/product_brand?post=81023"},{"taxonomy":"product_cat","embeddable":true,"href":"https:\/\/baturina-homewear.com\/de\/wp-json\/wp\/v2\/product_cat?post=81023"},{"taxonomy":"product_tag","embeddable":true,"href":"https:\/\/baturina-homewear.com\/de\/wp-json\/wp\/v2\/product_tag?post=81023"}],"curies":[{"name":"wp","href":"https:\/\/api.w.org\/{rel}","templated":true}]}}

Herren Hausmantel Schwarz Satin Weiß Paspeliert

<p>Eleganter gefütterter Morgenmantel mit Schalkragen aus schwarzem, glänzendem Baumwollsatin, perfekt zum Entspannen zu Hause. Das Farbschema besteht aus einem klassischen Schwarz-Weiß-Kontrast. Das Design ist mit einem Besatz aus gleichem Stoff und einem kühlenden, silbernen Satinfutter ausgestattet. Wenn Sie einen leichten Morgenmantel suchen, ist dieser Morgenmantel die richtige Wahl für das ganze Jahr über Komfort und Stil. </p>
<ul>
<li>Schalkragen</li>
<li>Brusttasche</li>
<li>zwei tiefe Seitentaschen</li>
<li>verstellbare Umschlagmanschetten</li>
<li>bequeme, lockere Passform</li>
<li>diskrete Aufhängeschlaufe auf der Rückseite</li>
<li>langer Gürtel</li>
<li>Materialien und Pflege: Außen: 100% Baumwolle, Innen: 60% Polyester, 40% Viskose. Separat waschen, 30° C, nicht im Trockner trocknen, bei niedriger Hitze bügeln.</li>
</ul>
<p>Alle unsere Designs werden individuell auf Bestellung in unserem Atelier angefertigt und jedes ist das Ergebnis stundenlanger handwerklicher Arbeit. Genießen Sie Komfort und Stil in unseren Morgenmänteln, Pyjamasets und Accessoires, hergestellt in Hamburg, Deutschland.</p>

<p>Eleganter gefütterter Morgenmantel mit Schalkragen aus schwarzem, glänzendem Baumwollsatin, perfekt zum Entspannen zu Hause. Das Farbschema besteht aus einem klassischen</p>
